{"id":89,"date":"2025-09-30T12:46:01","date_gmt":"2025-09-30T12:46:01","guid":{"rendered":"https:\/\/compagniesaa.fr\/?page_id=89"},"modified":"2025-10-01T13:45:35","modified_gmt":"2025-10-01T13:45:35","slug":"mediations","status":"publish","type":"page","link":"https:\/\/compagniesaa.fr\/?page_id=89","title":{"rendered":"M\u00c9DIATIONS"},"content":{"rendered":"\n<h3 class=\"wp-block-heading\">Autour du spectacle <a href=\"https:\/\/compagniesaa.fr\/?page_id=118\" data-type=\"page\" data-id=\"118\">BISON<\/a> <\/h3>\n\n\n\n<div class=\"wp-block-columns is-layout-flex wp-container-core-columns-is-layout-28f84493 wp-block-columns-is-layout-flex\">\n<div class=\"wp-block-column is-layout-flow wp-block-column-is-layout-flow\">\n<figure class=\"wp-block-image size-large\"><img loading=\"lazy\" decoding=\"async\" width=\"768\" height=\"1024\" src=\"http:\/\/compagniesaa.fr\/wp-content\/uploads\/2025\/09\/IMG_0370-768x1024.jpg\" alt=\"\" class=\"wp-image-61\" srcset=\"https:\/\/compagniesaa.fr\/wp-content\/uploads\/2025\/09\/IMG_0370-768x1024.jpg 768w, https:\/\/compagniesaa.fr\/wp-content\/uploads\/2025\/09\/IMG_0370-225x300.jpg 225w, https:\/\/compagniesaa.fr\/wp-content\/uploads\/2025\/09\/IMG_0370-1152x1536.jpg 1152w, https:\/\/compagniesaa.fr\/wp-content\/uploads\/2025\/09\/IMG_0370-1536x2048.jpg 1536w, https:\/\/compagniesaa.fr\/wp-content\/uploads\/2025\/09\/IMG_0370-scaled.jpg 1920w\" sizes=\"auto, (max-width: 768px) 100vw, 768px\" \/><\/figure>\n<\/div>\n\n\n\n<div class=\"wp-block-column is-layout-flow wp-block-column-is-layout-flow\">\n<figure class=\"wp-block-image size-large\"><img loading=\"lazy\" decoding=\"async\" width=\"768\" height=\"1024\" src=\"http:\/\/compagniesaa.fr\/wp-content\/uploads\/2025\/09\/IMG_0353-768x1024.jpg\" alt=\"\" class=\"wp-image-60\" srcset=\"https:\/\/compagniesaa.fr\/wp-content\/uploads\/2025\/09\/IMG_0353-768x1024.jpg 768w, https:\/\/compagniesaa.fr\/wp-content\/uploads\/2025\/09\/IMG_0353-225x300.jpg 225w, https:\/\/compagniesaa.fr\/wp-content\/uploads\/2025\/09\/IMG_0353-1152x1536.jpg 1152w, https:\/\/compagniesaa.fr\/wp-content\/uploads\/2025\/09\/IMG_0353-1536x2048.jpg 1536w, https:\/\/compagniesaa.fr\/wp-content\/uploads\/2025\/09\/IMG_0353-scaled.jpg 1920w\" sizes=\"auto, (max-width: 768px) 100vw, 768px\" \/><\/figure>\n<\/div>\n\n\n\n<div class=\"wp-block-column is-layout-flow wp-block-column-is-layout-flow\">\n<figure class=\"wp-block-image size-full\"><img loading=\"lazy\" decoding=\"async\" width=\"1536\" height=\"2048\" src=\"http:\/\/compagniesaa.fr\/wp-content\/uploads\/2025\/09\/1000022059.jpg\" alt=\"\" class=\"wp-image-57\" srcset=\"https:\/\/compagniesaa.fr\/wp-content\/uploads\/2025\/09\/1000022059.jpg 1536w, https:\/\/compagniesaa.fr\/wp-content\/uploads\/2025\/09\/1000022059-225x300.jpg 225w, https:\/\/compagniesaa.fr\/wp-content\/uploads\/2025\/09\/1000022059-768x1024.jpg 768w, https:\/\/compagniesaa.fr\/wp-content\/uploads\/2025\/09\/1000022059-1152x1536.jpg 1152w\" sizes=\"auto, (max-width: 1536px) 100vw, 1536px\" \/><\/figure>\n<\/div>\n<\/div>\n\n\n\n<figure class=\"wp-block-image size-large\"><img loading=\"lazy\" decoding=\"async\" width=\"768\" height=\"1024\" src=\"http:\/\/compagniesaa.fr\/wp-content\/uploads\/2025\/10\/WhatsApp-Image-2025-10-01-at-15.30.25-768x1024.jpeg\" alt=\"\" class=\"wp-image-221\" srcset=\"https:\/\/compagniesaa.fr\/wp-content\/uploads\/2025\/10\/WhatsApp-Image-2025-10-01-at-15.30.25-768x1024.jpeg 768w, https:\/\/compagniesaa.fr\/wp-content\/uploads\/2025\/10\/WhatsApp-Image-2025-10-01-at-15.30.25-225x300.jpeg 225w, https:\/\/compagniesaa.fr\/wp-content\/uploads\/2025\/10\/WhatsApp-Image-2025-10-01-at-15.30.25-1152x1536.jpeg 1152w, https:\/\/compagniesaa.fr\/wp-content\/uploads\/2025\/10\/WhatsApp-Image-2025-10-01-at-15.30.25.jpeg 1200w\" sizes=\"auto, (max-width: 768px) 100vw, 768px\" \/><\/figure>\n\n\n\n<p><\/p>\n\n\n\n<p>Un coeur sur le dos, toujours bleu, se prom\u00e8ne&#8230; Il nous permet de diffuser l&rsquo;amour partout&#8230; ! Et puis, des vagues de mots d&rsquo;amour, des karaok\u00e9s de chansons d&rsquo;amour, des distributions de lettres anonymes dans des bo\u00eetes aux lettres chanceuses, des transmissions de r\u00e9pertoire, des bals d\u00e9ambulatoires,  des slows sur des places publiques&#8230; de nombreuses m\u00e9diations se rattachent au spectacle BISON ! Parfois nous proposons tout, parfois nous nous adaptons, parfois nous cr\u00e9ons ensemble !<\/p>\n\n\n\n<p>Aussi, un dossier sp\u00e9cifiquement con\u00e7u en parall\u00e8le du programme de fran\u00e7ais de classe de quatri\u00e8me intitul\u00e9 \u00ab\u00a0Dire l&rsquo;amour\u00a0\u00bb, est disponible.       Nous avons d\u00e9ja eu le plaisir de le mettre en exergue avec les coll\u00e8ges Paul Bert de Capestang et Katia et Maurice Krafft de B\u00e9ziers.<\/p>\n\n\n\n<div class=\"wp-block-buttons is-layout-flex wp-block-buttons-is-layout-flex\">\n<div class=\"wp-block-button\"><a class=\"wp-block-button__link wp-element-button\" href=\"https:\/\/compagniesaa.fr\/wp-content\/uploads\/2025\/09\/Dire-lamour-11-scaled.jpg\">DIRE L&rsquo;AMOUR \/ BISON EN 4e<\/a><\/div>\n<\/div>\n\n\n\n<p><\/p>\n\n\n\n<p class=\"has-text-align-center\">\u00b0\u00b0\u00b0<\/p>\n\n\n\n<h3 class=\"wp-block-heading\">Autour du spectacle <a href=\"https:\/\/compagniesaa.fr\/?page_id=121\" data-type=\"page\" data-id=\"121\">caramels<\/a><\/h3>\n\n\n\n<figure class=\"wp-block-image size-full\"><img loading=\"lazy\" decoding=\"async\" width=\"648\" height=\"131\" src=\"http:\/\/compagniesaa.fr\/wp-content\/uploads\/2025\/10\/WhatsApp-Image-2025-05-07-at-15.41.01.jpeg\" alt=\"\" class=\"wp-image-225\" srcset=\"https:\/\/compagniesaa.fr\/wp-content\/uploads\/2025\/10\/WhatsApp-Image-2025-05-07-at-15.41.01.jpeg 648w, https:\/\/compagniesaa.fr\/wp-content\/uploads\/2025\/10\/WhatsApp-Image-2025-05-07-at-15.41.01-300x61.jpeg 300w\" sizes=\"auto, (max-width: 648px) 100vw, 648px\" \/><\/figure>\n\n\n\n<p>\u00c7a arrive tr\u00e8s bient\u00f4t&#8230;. <\/p>\n\n\n\n<p><\/p>\n","protected":false},"excerpt":{"rendered":"<p>Autour du spectacle BISON Un coeur sur le dos, toujours bleu, se prom\u00e8ne&#8230; Il nous permet de diffuser l&rsquo;amour partout&#8230; ! Et puis, des vagues de mots d&rsquo;amour, des karaok\u00e9s de chansons d&rsquo;amour, des distributions de lettres anonymes dans des bo\u00eetes aux lettres chanceuses, des transmissions de r\u00e9pertoire, des bals d\u00e9ambulatoires, des slows sur des [&hellip;]<\/p>\n","protected":false},"author":1,"featured_media":0,"parent":0,"menu_order":0,"comment_status":"closed","ping_status":"closed","template":"","meta":{"footnotes":""},"class_list":["post-89","page","type-page","status-publish","hentry"],"_links":{"self":[{"href":"https:\/\/compagniesaa.fr\/index.php?rest_route=\/wp\/v2\/pages\/89","targetHints":{"allow":["GET"]}}],"collection":[{"href":"https:\/\/compagniesaa.fr\/index.php?rest_route=\/wp\/v2\/pages"}],"about":[{"href":"https:\/\/compagniesaa.fr\/index.php?rest_route=\/wp\/v2\/types\/page"}],"author":[{"embeddable":true,"href":"https:\/\/compagniesaa.fr\/index.php?rest_route=\/wp\/v2\/users\/1"}],"replies":[{"embeddable":true,"href":"https:\/\/compagniesaa.fr\/index.php?rest_route=%2Fwp%2Fv2%2Fcomments&post=89"}],"version-history":[{"count":3,"href":"https:\/\/compagniesaa.fr\/index.php?rest_route=\/wp\/v2\/pages\/89\/revisions"}],"predecessor-version":[{"id":226,"href":"https:\/\/compagniesaa.fr\/index.php?rest_route=\/wp\/v2\/pages\/89\/revisions\/226"}],"wp:attachment":[{"href":"https:\/\/compagniesaa.fr\/index.php?rest_route=%2Fwp%2Fv2%2Fmedia&parent=89"}],"curies":[{"name":"wp","href":"https:\/\/api.w.org\/{rel}","templated":true}]}}