{"id":118,"date":"2025-09-30T13:45:14","date_gmt":"2025-09-30T13:45:14","guid":{"rendered":"https:\/\/compagniesaa.fr\/?page_id=118"},"modified":"2025-10-01T14:05:37","modified_gmt":"2025-10-01T14:05:37","slug":"bison","status":"publish","type":"page","link":"https:\/\/compagniesaa.fr\/?page_id=118","title":{"rendered":"BISON"},"content":{"rendered":"\n<p><strong><em>Duo po\u00e9tique \u00e0 poils.<\/em><\/strong><\/p>\n\n\n\n<p>CR\u00c9ATION 2023.<\/p>\n\n\n\n<figure class=\"wp-block-image size-large\"><img loading=\"lazy\" decoding=\"async\" width=\"684\" height=\"1024\" src=\"http:\/\/compagniesaa.fr\/wp-content\/uploads\/2025\/09\/DSC03750-684x1024.jpg\" alt=\"\" class=\"wp-image-19\" srcset=\"https:\/\/compagniesaa.fr\/wp-content\/uploads\/2025\/09\/DSC03750-684x1024.jpg 684w, https:\/\/compagniesaa.fr\/wp-content\/uploads\/2025\/09\/DSC03750-200x300.jpg 200w, https:\/\/compagniesaa.fr\/wp-content\/uploads\/2025\/09\/DSC03750-768x1150.jpg 768w, https:\/\/compagniesaa.fr\/wp-content\/uploads\/2025\/09\/DSC03750-1026x1536.jpg 1026w, https:\/\/compagniesaa.fr\/wp-content\/uploads\/2025\/09\/DSC03750-1368x2048.jpg 1368w, https:\/\/compagniesaa.fr\/wp-content\/uploads\/2025\/09\/DSC03750-scaled.jpg 1710w\" sizes=\"auto, (max-width: 684px) 100vw, 684px\" \/><\/figure>\n\n\n\n<figure class=\"wp-block-embed is-type-video is-provider-youtube wp-block-embed-youtube wp-embed-aspect-16-9 wp-has-aspect-ratio\"><div class=\"wp-block-embed__wrapper\">\n<iframe loading=\"lazy\" title=\"BISON . Teaser .\" width=\"500\" height=\"281\" src=\"https:\/\/www.youtube.com\/embed\/rKdaFJEe7c4?feature=oembed\" frameborder=\"0\" allow=\"accelerometer; autoplay; clipboard-write; encrypted-media; gyroscope; picture-in-picture; web-share\" referrerpolicy=\"strict-origin-when-cross-origin\" allowfullscreen><\/iframe>\n<\/div><figcaption class=\"wp-element-caption\">Captation et montage vid\u00e9o : Robin Manogil.<\/figcaption><\/figure>\n\n\n\n<p><\/p>\n\n\n\n<p><strong><em>Bison Amoureux et Po\u00e9sie Bleue.<\/em><\/strong><\/p>\n\n\n\n<p><em>Nous irons confronter l&rsquo;adoration, l&rsquo;alt\u00e9ration, l&rsquo;attente.<\/em><\/p>\n\n\n\n<p><strong>Aux portes de nos destins complexes et solitaires,&nbsp;se poser des questions, une question:&nbsp;<\/strong><\/p>\n\n\n\n<p><em>est ce qu&rsquo;on est&nbsp;oblig\u00e9 d&rsquo;utiliser&nbsp;des mots compliqu\u00e9s pour parler&nbsp;d&rsquo;Amour ?<\/em>&nbsp;<\/p>\n\n\n\n<p><strong>Si nos instincts primitifs demeurent, si nous d\u00e9cidons de leur laisser l&rsquo;espace, si le mouvement intrins\u00e8que de nos cellules se rappelle de la parade de l&rsquo;anc\u00eatre BISON, spectateur de nos innombrables fresques, alors que dire DE PLUS ?<\/strong><\/p>\n\n\n\n<p>Comment dire mieux ?&nbsp;<\/p>\n\n\n\n<p>Comment dire simple ?&nbsp;<\/p>\n\n\n\n<p>Comment dire&nbsp;l&rsquo;Amour?<\/p>\n\n\n\n<p class=\"has-text-align-center\">\u00b0\u00b0\u00b0<\/p>\n\n\n\n<p>BISON est une pi\u00e8ce chor\u00e9graphique pour la rue et les espaces non d\u00e9di\u00e9s. C\u2019est un po\u00e8me mouvant o\u00f9 les cr\u00e9atures amoureuses s\u2019engagent dans un paysage qui se cr\u00e9e et se recr\u00e9e \u00e0 chaque fois, qui s\u2019adapte.&nbsp;<\/p>\n\n\n\n<p>Des questions qui se nourrissent de l\u2019\u00e9lan universel de l\u2019amour pour inviter le spectateur, l\u2019enr\u00f4ler, le cajoler dans cette discussion nuptiale parfois sauvagement dans\u00e9e. L\u2019histoire s\u2019appuie sur une forme circulaire tant\u00f4t cocon, ring ou prairie, offrant \u00e0 l\u2019auditoire un propos \u00e0 360 degr\u00e9s, une place \u00e9gale pour tous les yeux et tous les imaginaires.<\/p>\n\n\n\n<div class=\"wp-block-buttons is-layout-flex wp-block-buttons-is-layout-flex\">\n<div class=\"wp-block-button\"><a class=\"wp-block-button__link wp-element-button\" href=\"https:\/\/compagniesaa.fr\/wp-content\/uploads\/2025\/09\/BISON-2025.pdf\">DOSSIER 2025<\/a><\/div>\n\n\n\n<div class=\"wp-block-button\"><a class=\"wp-block-button__link wp-element-button\" href=\"https:\/\/compagniesaa.fr\/wp-content\/uploads\/2025\/10\/PRESSE-BISON-1.pdf\">PRESSE<\/a><\/div>\n<\/div>\n\n\n\n<p><\/p>\n\n\n\n<p><em>Equipe artistique: <\/em><\/p>\n\n\n\n<ul class=\"wp-block-list\">\n<li>chor\u00e9graphie\/mise en sc\u00e8ne\/\u00e9criture: Laurie Sauted\u00e9<\/li>\n\n\n\n<li>Interpr\u00e8te et complice \u00e0 la cr\u00e9ation: S\u00e9bastien Bellegy<\/li>\n\n\n\n<li>Interpr\u00e8tes: \u00c9lise Pillois, Thibaut Carr\u00e9<\/li>\n\n\n\n<li>regard ext\u00e9rieur: Fran\u00e7ois Rascalou<\/li>\n<\/ul>\n\n\n\n<p><\/p>\n\n\n\n<div class=\"wp-block-buttons is-layout-flex wp-block-buttons-is-layout-flex\"><\/div>\n","protected":false},"excerpt":{"rendered":"<p>Duo po\u00e9tique \u00e0 poils. CR\u00c9ATION 2023. Bison Amoureux et Po\u00e9sie Bleue. Nous irons confronter l&rsquo;adoration, l&rsquo;alt\u00e9ration, l&rsquo;attente. Aux portes de nos destins complexes et solitaires,&nbsp;se poser des questions, une question:&nbsp; est ce qu&rsquo;on est&nbsp;oblig\u00e9 d&rsquo;utiliser&nbsp;des mots compliqu\u00e9s pour parler&nbsp;d&rsquo;Amour ?&nbsp; Si nos instincts primitifs demeurent, si nous d\u00e9cidons de leur laisser l&rsquo;espace, si le mouvement [&hellip;]<\/p>\n","protected":false},"author":1,"featured_media":0,"parent":0,"menu_order":0,"comment_status":"closed","ping_status":"closed","template":"","meta":{"footnotes":""},"class_list":["post-118","page","type-page","status-publish","hentry"],"_links":{"self":[{"href":"https:\/\/compagniesaa.fr\/index.php?rest_route=\/wp\/v2\/pages\/118","targetHints":{"allow":["GET"]}}],"collection":[{"href":"https:\/\/compagniesaa.fr\/index.php?rest_route=\/wp\/v2\/pages"}],"about":[{"href":"https:\/\/compagniesaa.fr\/index.php?rest_route=\/wp\/v2\/types\/page"}],"author":[{"embeddable":true,"href":"https:\/\/compagniesaa.fr\/index.php?rest_route=\/wp\/v2\/users\/1"}],"replies":[{"embeddable":true,"href":"https:\/\/compagniesaa.fr\/index.php?rest_route=%2Fwp%2Fv2%2Fcomments&post=118"}],"version-history":[{"count":13,"href":"https:\/\/compagniesaa.fr\/index.php?rest_route=\/wp\/v2\/pages\/118\/revisions"}],"predecessor-version":[{"id":231,"href":"https:\/\/compagniesaa.fr\/index.php?rest_route=\/wp\/v2\/pages\/118\/revisions\/231"}],"wp:attachment":[{"href":"https:\/\/compagniesaa.fr\/index.php?rest_route=%2Fwp%2Fv2%2Fmedia&parent=118"}],"curies":[{"name":"wp","href":"https:\/\/api.w.org\/{rel}","templated":true}]}}